{"id":235,"date":"2019-06-13T08:45:41","date_gmt":"2019-06-13T06:45:41","guid":{"rendered":"http:\/\/www.musique-pmf.fr\/?page_id=235"},"modified":"2019-06-13T19:59:11","modified_gmt":"2019-06-13T17:59:11","slug":"les-salles-de-musique-2","status":"publish","type":"page","link":"https:\/\/www.musique-pmf.fr\/index.php\/les-salles-de-musique-2\/","title":{"rendered":"Les salles de musique"},"content":{"rendered":"\n<p>Les \u00e9l\u00e8ves b\u00e9n\u00e9ficient de plusieurs salles de musique :<\/p>\n\n\n\n<p>La <strong>salle de cours<\/strong>, \u00e9quip\u00e9e de plusieurs ordinateurs, d&#8217;une carte son MOTU, d&#8217;une table de mixage, de micros, de guitares, d&#8217;amplificateurs, d&#8217;une batterie, d&#8217;un piano&#8230;<\/p>\n\n\n\n<figure class=\"wp-block-image\"><img loading=\"lazy\" decoding=\"async\" width=\"1024\" height=\"768\" src=\"https:\/\/www.musique-pmf.fr\/wp-content\/uploads\/2019\/06\/20190613_085205-1024x768.jpg\" alt=\"\" class=\"wp-image-270\" srcset=\"https:\/\/www.musique-pmf.fr\/wp-content\/uploads\/2019\/06\/20190613_085205-1024x768.jpg 1024w, https:\/\/www.musique-pmf.fr\/wp-content\/uploads\/2019\/06\/20190613_085205-300x225.jpg 300w, https:\/\/www.musique-pmf.fr\/wp-content\/uploads\/2019\/06\/20190613_085205-768x576.jpg 768w, https:\/\/www.musique-pmf.fr\/wp-content\/uploads\/2019\/06\/20190613_085205-1200x900.jpg 1200w\" sizes=\"auto, (max-width: 767px) 89vw, (max-width: 1000px) 54vw, (max-width: 1071px) 543px, 580px\" \/><\/figure>\n\n\n\n<p>La <strong>salle de r\u00e9p\u00e9tition<\/strong>, \u00e9quip\u00e9e d&#8217;un piano, d&#8217;un orgue, d&#8217;une batterie, d&#8217;un ordinateur, de tables et de chaises.<\/p>\n\n\n\n<figure class=\"wp-block-image\"><img loading=\"lazy\" decoding=\"async\" width=\"1024\" height=\"768\" src=\"https:\/\/www.musique-pmf.fr\/wp-content\/uploads\/2019\/06\/20190122_085438-1024x768.jpg\" alt=\"\" class=\"wp-image-243\" srcset=\"https:\/\/www.musique-pmf.fr\/wp-content\/uploads\/2019\/06\/20190122_085438-1024x768.jpg 1024w, https:\/\/www.musique-pmf.fr\/wp-content\/uploads\/2019\/06\/20190122_085438-300x225.jpg 300w, https:\/\/www.musique-pmf.fr\/wp-content\/uploads\/2019\/06\/20190122_085438-768x576.jpg 768w, https:\/\/www.musique-pmf.fr\/wp-content\/uploads\/2019\/06\/20190122_085438-1200x900.jpg 1200w\" sizes=\"auto, (max-width: 767px) 89vw, (max-width: 1000px) 54vw, (max-width: 1071px) 543px, 580px\" \/><\/figure>\n\n\n\n<p>Le <strong>petit studio<\/strong>, pourvu d&#8217;un clavier \u00e9lectronique.<\/p>\n\n\n\n<p>L&#8217;<strong>amphith\u00e9\u00e2tre<\/strong>, qui n&#8217;est pas une salle de cours, mais qui est utilis\u00e9 pour les r\u00e9p\u00e9titions chorales.<\/p>\n\n\n\n<figure class=\"wp-block-image\"><img loading=\"lazy\" decoding=\"async\" width=\"1024\" height=\"685\" src=\"https:\/\/www.musique-pmf.fr\/wp-content\/uploads\/2019\/06\/DSC_0392-1024x685.jpg\" alt=\"\" class=\"wp-image-248\" srcset=\"https:\/\/www.musique-pmf.fr\/wp-content\/uploads\/2019\/06\/DSC_0392-1024x685.jpg 1024w, https:\/\/www.musique-pmf.fr\/wp-content\/uploads\/2019\/06\/DSC_0392-300x201.jpg 300w, https:\/\/www.musique-pmf.fr\/wp-content\/uploads\/2019\/06\/DSC_0392-768x514.jpg 768w, https:\/\/www.musique-pmf.fr\/wp-content\/uploads\/2019\/06\/DSC_0392-1200x803.jpg 1200w\" sizes=\"auto, (max-width: 767px) 89vw, (max-width: 1000px) 54vw, (max-width: 1071px) 543px, 580px\" \/><\/figure>\n\n\n\n<p><strong>Ces salles sont d\u00e9di\u00e9es uniquement aux \u00e9l\u00e8ves inscrits en enseignement optionnel ou de sp\u00e9cialit\u00e9<\/strong>.<\/p>\n","protected":false},"excerpt":{"rendered":"<p>Les \u00e9l\u00e8ves b\u00e9n\u00e9ficient de plusieurs salles de musique : La salle de cours, \u00e9quip\u00e9e de plusieurs ordinateurs, d&#8217;une carte son MOTU, d&#8217;une table de mixage, de micros, de guitares, d&#8217;amplificateurs, d&#8217;une batterie, d&#8217;un piano&#8230; La salle de r\u00e9p\u00e9tition, \u00e9quip\u00e9e d&#8217;un piano, d&#8217;un orgue, d&#8217;une batterie, d&#8217;un ordinateur, de tables et de chaises. Le petit studio, &hellip; <\/p>\n<p class=\"link-more\"><a href=\"https:\/\/www.musique-pmf.fr\/index.php\/les-salles-de-musique-2\/\" class=\"more-link\">Continue reading<span class=\"screen-reader-text\"> &#8220;Les salles de musique&#8221;<\/span><\/a><\/p>\n","protected":false},"author":1,"featured_media":0,"parent":0,"menu_order":0,"comment_status":"closed","ping_status":"closed","template":"","meta":{"footnotes":""},"class_list":["post-235","page","type-page","status-publish","hentry"],"_links":{"self":[{"href":"https:\/\/www.musique-pmf.fr\/index.php\/wp-json\/wp\/v2\/pages\/235","targetHints":{"allow":["GET"]}}],"collection":[{"href":"https:\/\/www.musique-pmf.fr\/index.php\/wp-json\/wp\/v2\/pages"}],"about":[{"href":"https:\/\/www.musique-pmf.fr\/index.php\/wp-json\/wp\/v2\/types\/page"}],"author":[{"embeddable":true,"href":"https:\/\/www.musique-pmf.fr\/index.php\/wp-json\/wp\/v2\/users\/1"}],"replies":[{"embeddable":true,"href":"https:\/\/www.musique-pmf.fr\/index.php\/wp-json\/wp\/v2\/comments?post=235"}],"version-history":[{"count":6,"href":"https:\/\/www.musique-pmf.fr\/index.php\/wp-json\/wp\/v2\/pages\/235\/revisions"}],"predecessor-version":[{"id":274,"href":"https:\/\/www.musique-pmf.fr\/index.php\/wp-json\/wp\/v2\/pages\/235\/revisions\/274"}],"wp:attachment":[{"href":"https:\/\/www.musique-pmf.fr\/index.php\/wp-json\/wp\/v2\/media?parent=235"}],"curies":[{"name":"wp","href":"https:\/\/api.w.org\/{rel}","templated":true}]}}